mon factor of 11088 and 63.
63
Calculate the greatest common divisor of 66 and 374.
22
Calculate the highest common factor of 16 and 59.
1
Calculate the highest common factor of 252 and 672.
84
Calculate the highest common divisor of 14 and 896.
14
Calculate the highest common factor of 144 and 912.
48
Calculate the greatest common divisor of 7731 and 27.
9
What is the greatest common divisor of 106 and 16642?
106
Calculate the highest common factor of 108 and 1458.
54
What is the greatest common factor of 68 and 153?
17
Calculate the greatest common divisor of 3068 and 1092.
52
Calculate the greatest common divisor of 21 and 15603.
21
Calculate the highest common divisor of 15 and 6.
3
Calculate the greatest common divisor of 539 and 11.
11
Calculate the greatest common factor of 17 and 459.
17
Calculate the highest common divisor of 99 and 1755.
9
What is the greatest common factor of 44 and 55?
11
What is the highest common factor of 416 and 2144?
32
Calculate the greatest common divisor of 493 and 29.
29
What is the greatest common factor of 9 and 1101?
3
What is the highest common factor of 33 and 186?
3
What is the highest common factor of 1170 and 351?
117
What is the greatest common factor of 1855 and 70?
35
Calculate the greatest common factor of 82 and 1394.
82
Calculate the greatest common divisor of 24 and 21864.
24
Calculate the highest common divisor of 43 and 688.
43
What is the greatest common factor of 4060 and 280?
140
Calculate the highest common divisor of 60 and 1470.
30
Calculate the highest common divisor of 20 and 340.
20
What is the greatest common factor of 23 and 196949?
23
Calculate the greatest common divisor of 414 and 18.
18
What is the greatest common factor of 342 and 38?
38
Calculate the greatest common factor of 40 and 125.
5
Calculate the greatest common factor of 8 and 103.
1
What is the greatest common factor of 1108 and 1939?
277
What is the greatest common divisor of 216 and 1068?
12
Calculate the highest common factor of 8675 and 10.
5
What is the greatest common divisor of 1007 and 38?
19
What is the highest common divisor of 49 and 21?
7
Calculate the greatest common divisor of 42 and 1582.
14
What is the greatest common divisor of 49 and 4501?
7
What is the highest common divisor of 1106 and 42?
14
What is the highest common factor of 1292 and 684?
76
Calculate the highest common factor of 240 and 15.
15
Calculate the greatest common divisor of 120 and 405.
15
What is the highest common factor of 2119 and 26?
13
What is the highest common factor of 909 and 3737?
101
What is the highest common factor of 832 and 364?
52
Calculate the greatest common divisor of 552 and 1426.
46
Calculate the highest common divisor of 287 and 21.
7
Calculate the highest common factor of 1050 and 1344.
42
What is the highest common factor of 1260 and 1710?
90
What is the greatest common divisor of 915 and 160?
5
What is the highest common factor of 722 and 38?
38
Calculate the highest common factor of 26 and 247.
13
What is the greatest common factor of 2490 and 240?
30
What is the highest common factor of 250 and 620?
10
What is the highest common divisor of 418 and 380?
38
What is the greatest common factor of 8 and 4?
4
Calculate the greatest common factor of 1410 and 540.
30
What is the highest common divisor of 96 and 1524?
12
Calculate the greatest common divisor of 162 and 1053.
81
Calculate the highest common divisor of 132 and 36.
12
Calculate the greatest common divisor of 74 and 2368.
74
What is the highest common divisor of 18 and 18?
18
What is the highest common divisor of 164 and 5084?
164
Calculate the highest common factor of 444 and 12.
12
What is the greatest common factor of 66 and 1518?
66
Calculate the greatest common factor of 86 and 1634.
86
What is the greatest common factor of 215 and 5?
5
Calculate the highest common divisor of 2852 and 62.
62
Calculate the highest common factor of 1035 and 2645.
115
What is the greatest common factor of 8953 and 14?
7
What is the highest common divisor of 10 and 4?
2
What is the highest common factor of 2 and 2474?
2
What is the highest common factor of 26 and 416?
26
What is the highest common factor of 165 and 4455?
165
What is the highest common divisor of 56 and 2296?
56
Calculate the highest common divisor of 25728 and 32.
32
Calculate the highest common factor of 299 and 364.
13
Calculate the highest common factor of 28 and 368.
4
What is the greatest common factor of 6152 and 16?
8
What is the highest common divisor of 1587 and 138?
69
Calculate the greatest common divisor of 1 and 188.
1
What is the highest common factor of 87 and 321?
3
What is the highest common divisor of 90 and 75?
15
Calculate the highest common factor of 410 and 246.
82
Calculate the greatest common divisor of 945 and 70.
35
What is the greatest common factor of 1150 and 110?
10
What is the greatest common divisor of 10612 and 280?
28
What is the greatest common divisor of 99 and 19965?
33
What is the highest common divisor of 412 and 8?
4
What is the greatest common factor of 81 and 189?
27
What is the greatest common divisor of 3204 and 612?
36
Calculate the greatest common divisor of 1071 and 21.
21
Calculate the highest common factor of 7644 and 91.
91
What is the greatest common divisor of 119 and 27251?
119
Calculate the highest common divisor of 112 and 16.
16
What is the greatest common factor of 4 and 92?
4
What is the highest common factor of 52 and 1274?
26
What is the greatest common divisor of 60 and 11820?
60
What is the highest common divisor of 1911 and 39?
39
Calculate the greatest common divisor of 8 and 216.
8
Calculate the highest common factor of 22 and 1111.
11
What is the highest common factor of 3030 and 75?
15
Calculate the highest common divisor of 357 and 273.
21
What is the greatest common factor of 121 and 7381?
121
What is the highest common factor of 37 and 37?
37
What is the highest common factor of 24624 and 114?
114
What is the highest common factor of 165 and 6480?
15
What is the greatest common factor of 3 and 123?
3
What is the highest common divisor of 186 and 1550?
62
What is the highest common factor of 308 and 56?
28
What is the highest common divisor of 284 and 6958?
142
What is the greatest common divisor of 5502 and 84?
42
Calculate the highest common factor of 315 and 1071.
63
What is the highest common factor of 42 and 4179?
21
What is the highest common divisor of 63 and 31626?
63
What is the highest common divisor of 70 and 59920?
70
What is the highest common factor of 264 and 759?
33
What is the greatest common factor of 144 and 496?
16
What is the highest common divisor of 13 and 403?
13
Calculate the highest common divisor of 580 and 406.
58
Calculate the highest common divisor of 984 and 32144.
328
Calculate the highest common divisor of 6 and 30.
6
What is the highest common divisor of 19958 and 34?
34
Calculate the highest common divisor of 1149 and 3.
3
Calculate the highest common factor of 21 and 5754.
21
What is the highest common divisor of 21 and 301?
7
Calculate the greatest common divisor of 156 and 988.
52
Calculate the highest common factor of 154 and 70.
14
What is the greatest common factor of 197 and 2?
1
What is the highest common factor of 3225 and 1419?
129
Calculate the greatest common factor of 459 and 374.
17
Calculate the highest common divisor of 660 and 15.
15
Calculate the highest common divisor of 780 and 416.
52
Calculate the highest common divisor of 1180 and 40.
20
Calculate the greatest common factor of 2332 and 212.
212
What is the highest common divisor of 276 and 108?
12
What is the greatest common factor of 84 and 812?
28
What is the highest common divisor of 201 and 1139?
67
What is the highest common factor of 1749 and 1007?
53
What is the highest common divisor of 103 and 515?
103
What is the highest common divisor of 6824 and 24?
8
What is the highest common divisor of 12 and 5676?
12
Calculate the highest common factor of 69 and 2875.
23
Calculate the highest common factor of 12 and 39.
3
What is the highest common factor of 186 and 3410?
62
What is the highest common factor of 28 and 1505?
7
Calculate the greatest common factor of 702 and 1534.
26
What is the highest common divisor of